 Let x = -2518 + 2532. Calculate the highest common divisor of x and f.
14
Suppose -5*s - 5*x = -45, -3*s - 360 + 391 = 4*x. Suppose 2*o = 2*q + 3*q + 20, 2*q = -3*o + 68. What is the greatest common divisor of s and o?
5
Let y = 348 + -92. Suppose 5*j + 3*j - y = 0. What is the greatest common factor of 16 and j?
16
Suppose -5*w = -5*g + 15, 2*w - g + 1 = -0*w. Let m be -3 + 9 + (-30)/10. Calculate the highest common factor of m and w.
1
Suppose -3*n = n - 3540. Calculate the highest common factor of 5 and n.
5
Suppose 108 = -3*p + 5*p. Let k = -2746 + 2752. Calculate the highest common divisor of k and p.
6
Let u = 7444 - 7309. Calculate the highest common divisor of 1161 and u.
27
Let k be ((-8)/6)/(3*(-6)/(-81)). Let z be k - (-6 - 4 - 2). What is the greatest common factor of 120 and z?
6
Let m be (-117)/(-2)*6944/1116. Calculate the highest common divisor of m and 4641.
91
Suppose -3*d - 1135 = -0*d - 5*n, 760 = -2*d + 4*n. Let r = -203 - d. Let f be (-4)/(-16) - r/(-4). Calculate the greatest common divisor of f and 14.
14
Let w be (-103 + -5)/(14/(-10) - -1). Suppose -10*t = -t - w. Calculate the highest common factor of t and 100.
10
Let w be (-2786)/28*(-2 - 0)*-1. Let c = 254 + w. What is the greatest common divisor of 11 and c?
11
Let p(n) = -2*n**3 - 94*n**2 + 85*n - 516. Let t be p(-48). Calculate the greatest common factor of t and 11964.
12
Suppose 5*t + b - 224 = -9, 3*b - 225 = -5*t. What is the greatest common factor of 2478 and t?
42
Suppose -16*g + 17*g - 41 = x, 51 = g - 3*x. What is the highest common factor of g and 348?
12
Let q = 9 - 5. Let k be (-2 - q/(-10))*(-10)/4. Suppose -2*f - 4*m - k = -6*f, -2*m = -4*f + 6. Calculate the greatest common divisor of f and 16.
2
Suppose 11*p - 19*p = 256. Let l be (-22)/(p/12 + 2). Calculate the greatest common factor of l and 66.
33
Suppose d + 61 = 9*v, 11*v - 32 = 7*v. Calculate the highest common factor of 14267 and d.
11
Suppose -x - 547 = -4*h, -2*h + 244 = 3*x - 33. Calculate the greatest common factor of 26441 and h.
137
Suppose 0 = -22*r + 29211 - 15825 + 25202. Calculate the highest common factor of 6 and r.
2
Let f = 69 + -30. Suppose y = 2*y + f. Let q = 43 + y. Calculate the highest common factor of q and 16.
4
Let j(s) = 23*s**3 + 35*s**2 - 9*s - 5. Let z be j(4). What is the highest common divisor of z and 55?
11
Let b = -434 + 492. Suppose b = 2*k + 18. Calculate the highest common divisor of k and 36.
4
Let q(l) = -l**3 + 29*l**2 + 30*l - 4. Let u be q(30). Let j be (119/(-51))/((u/2)/36). What is the greatest common factor of j and 12?
6
Let b be (-13 - 0)/(4/(-416)). Let w = b - 426. Suppose c - 2*r - 454 = -c, 2*r = -4*c + w. Calculate the highest common factor of c and 46.
46
Let d = 11 - -3. Suppose -2*h + 5*m - 38 = 0, -h - 2*m - 4 = 3*m. Let w be 34/119 - 24/h. What is the greatest common divisor of d and w?
2
Suppose 15 = 3*i + 3*f, 5*i - 8*i = 4*f - 17. Suppose 3*w - 5*s - 83 - 64 = 0, -4*s - 150 = -i*w. What is the highest common divisor of w and 135?
27
Suppose -2*o - o + 240 = 0. Let n be 0 - (-7)/(21/369). Suppose q + 5*h - 7 = 0, -3*q + n = q + h. Calculate the highest common factor of o and q.
16
Let h(v) = v**3 + 8*v**2 + 25*v + 3. Let y be h(-11). Let j = 673 + y. Let x(f) = 67*f - 2. Let a be x(4). What is the highest common divisor of a and j?
38
Let c be -1 - -1 - (7 + -4 + -57). Suppose 12*h - 14*h = -c. What is the highest common divisor of 117 and h?
9
Let t be (-1)/1*90/18*-7*1. What is the highest common factor of 105 and t?
35
Suppose 3*j - 17*d = -14*d - 12, -4*j = -d - 8. Calculate the highest common divisor of 202 and j.
2
Suppose -21*z + 2050 = 8*z + 21*z. Calculate the greatest common factor of z and 38.
1
Let y be 735*1*(29/(-145) + 93/15). Calculate the highest common factor of 120 and y.
30
Let s(j) = j**2 - 8*j + 2. Let t be s(0). Suppose 7*q - 3*i = 5*q + 479, t*i + 706 = 3*q. What is the highest common divisor of 29 and q?
29
Let f be (-4)/6*-12 - -1265. Suppose 1196 - f = -7*q. What is the greatest common factor of 1133 and q?
11
Suppose -151*c = -138*c - 182. Calculate the highest common divisor of 3626 and c.
14
Suppose 176 = 15*x - 4*x. Suppose 48*r + x = 49*r. What is the highest common divisor of 4 and r?
4
Let v(d) = 4*d + 170. Suppose 3*p + 4*b = -34, 4*b = 11 - 3. Let q be v(p). What is the greatest common divisor of q and 266?
38
Suppose 2*w = -f - 54, -w + 143 = -3*f - 5. Let p be (-1)/((f/(-16) - 3)*-2). Suppose p*s - 4 = -0. Calculate the highest common factor of s and 1.
1
Suppose 12*n + 5*q = 23*n - 125, n = 5*q + 25. Let d = -16 - -1. Let b be (-6)/d + 1344/15. Calculate the greatest common factor of b and n.
10
Let f = 167 - 162. Suppose 0 = -f*s + 20, 0 = -o - o - 2*s + 92. Calculate the greatest common factor of o and 168.
42
Let n = -1101 - -1133. Calculate the highest common divisor of 864 and n.
32
Let z be (-930)/(-50) - 6/10. Let c be -3 - (30 - 1)*-1. Suppose -a + 0*g = -2*g - c, 3*a - 4*g = 70. What is the highest common factor of a and z?
18
Suppose 112 = 54*o - 46*o. Let l be -3*((-20)/(-12) + -3). What is the greatest common divisor of o and l?
2
Let u(m) = 43*m - 11. Let r = -101 + 103. Let i be u(r). Calculate the highest common divisor of 50 and i.
25
Let y be 2076/((-16)/(40/(-5))). Let x = y + -1029. Let c = -29 + 74. Calculate the highest common divisor of x and c.
9
Let j be ((-5)/(-4) + -2)*-388. Let m = -262 + j. Calculate the greatest common divisor of 3 and m.
1
Let g(h) = -h**3 + h. Let a(n) = n**3 - 13*n**2 - 13*n + 8. Let w(s) = -a(s) - 2*g(s). Let q be w(-8). Calculate the highest common divisor of 14 and q.
14
Let w be -32*(2*309/(-12))/1. What is the greatest common factor of w and 16?
16
Suppose -l + 178 = 9*s - 2*s, 2*s + l - 53 = 0. Calculate the highest common factor of 1675 and s.
25
Let z be -81 - (-18)/12*8/(-6). Let u = z + 102. Suppose o - 6 = u. What is the greatest common factor of 275 and o?
25
Let p be 9 - (-4 - -9) - -1. Suppose -p*x = -5*v - 15, -3*x + 7*x - 16 = 3*v. What is the greatest common divisor of x and 49?
7
Let g = -49 - -55. Let o be (-1 - (-20)/15) + 484/g. Suppose -15*z + 12 = -123. Calculate the highest common factor of o and z.
9
Let q = 556 - 460. Suppose 5*c = -2*t + 204, t + 9*c - q = 5*c. Calculate the highest common divisor of t and 84.
28
Let g(h) = -30*h + 2413. Let f be g(80). Suppose 0 = 4*u + r - 567, -21 - 4 = 5*r. Calculate the highest common factor of f and u.
13
Suppose 7*m - 5*m = 3*z + 11, -16 = -2*m + 2*z. Suppose s + 209 = -s + 5*d, -3*s - 318 = -3*d. Let x = s + 172. What is the greatest common factor of x and m?
13
Let r = -5970 - -7584. Calculate the highest common divisor of r and 42.
6
Suppose 2*t - 10698 = 6*z + 10236, -2*t + 5*z = -20925. Calculate the highest common divisor of t and 116.
116
Let p be (-4)/14 - 324/(-7). Let b(j) = -4*j + 33. Let h be b(6). Let s be (4 - h) + -185*(-4)/10. What is the highest common factor of p and s?
23
Suppose -162*q + 104328 = 144*q - 70092. What is the highest common factor of q and 3154?
38
Let n(q) = 71*q**2 + 85*q + 473. Let y be n(-9). What is the greatest common factor of 53 and y?
53
Let m = -17834 - -17864. Let f = 106 - 76. Calculate the highest common factor of m and f.
30
Suppose 49 = h + 27. Suppose 3 = -q, h*q - 53 = -2*n + 21*q. What is the greatest common factor of n and 70?
14
Let h(k) = 11*k**2 - 1. Let u be h(-1). Let g be 285/u - 3/(-4)*-2. Suppose -26*b - 34 = -g*b. What is the highest common divisor of 68 and b?
34
Let q be (44 - -1)*(-2584)/(-2907). Suppose -6*a = -2*a + 4*i - 7524, 4*i - 5644 = -3*a. What is the highest common divisor of q and a?
40
Let m be (-49)/(-475 + 34) + (91528/(-9))/(-2). What is the highest common factor of m and 180?
45
Let u be (-8 + 340/50)/((-6)/10). What is the highest common factor of 377 and u?
1
Let f be 14/(-35) + 36/(-10). Let r be 6/(-8)*(f - 56). Suppose 5*z - 158 + 285 = 152. Calculate the highest common factor of r and z.
5
Let p be (-5)/(-1) + (5 - 0). Suppose 13 - 49 = -2*m + 4*x, -1 = 3*m + 5*x. Calculate the highest common divisor of p and m.
2
Let l(t) = t**3 + 8*t**2 - t - 48. Let i be l(-7). Calculate the greatest common factor of i and 62.
2
Let w = 378 - 469. Let f = w + 133. Let u be (-3)/(2 + 59/(-28)). Calculat